, b = -0*y + f*y - 25. List the prime factors of y.
3, 5
Let j be ((-152)/2)/((-4)/6). Let a = j - 67. List the prime factors of a.
47
Let y(t) = 12*t**2. Let o be y(1). Let v = 20 + o. List the prime factors of v.
2
Let x(i) = 11*i**2. Let v(h) = h**3 + h**2 + h - 2. Let r be v(0). Let u = r + 1. What are the prime factors of x(u)?
11
Suppose 5*t - 158 = -2*z, 0 = -3*t - 0*t - 5*z + 110. What are the prime factors of t?
2, 3, 5
Let t be (-2 + 4 - -1) + 0. Suppose 3*j + j - t*u = 31, 3*u = -3. List the prime factors of j.
7
What are the prime factors of -2*(-3 + (-172)/8)?
7
Let l = -10 - -13. List the prime factors of -3 - (-1)/(l/75).
2, 11
Suppose -5*x = -4*v + 119, -v + 2*x = 4*v - 136. Let s = 9 - v. Let g = s - -26. What are the prime factors of g?
3
Suppose -s + n = 4, -s + 0*n = 5*n - 2. List the prime factors of (-2)/s*(-168)/(-16).
7
Let g be (0 - -1)/((-2)/22). Suppose -144 = -5*k - 39. Let y = k + g. What are the prime factors of y?
2, 5
What are the prime factors of (-20)/6*(337/(-5) + -1)?
2, 3, 19
Suppose 5*a - 5*m - 302 = 3*a, 0 = -3*a + m + 440. Suppose 100 = 2*r + r - 4*s, -a = -4*r - s. What are the prime factors of r?
2, 3
Let u be (2/(-1))/((-2)/(-23)). Suppose -5*w = 3 - 183. Let j = u + w. List the prime factors of j.
13
Let q = 16 + -7. List the prime factors of q.
3
Let v = 22 + -15. List the prime factors of v.
7
Let d = -7 + 12. Suppose -d*m = a - 51, 3*m - 3*a - 27 = -0*m. List the prime factors of m.
2, 5
Let j(g) = 13*g - 10. List the prime factors of j(5).
5, 11
List the prime factors of ((-2)/6)/(3/4842*-2).
269
Suppose -5*t = -2*t - b - 51, -5*b = -4*t + 57. Let q = 6 + -4. Let k = q + t. What are the prime factors of k?
2, 5
Let i = -53 + 108. What are the prime factors of i?
5, 11
Let l(j) = j + 1. Let b(g) = 2*g + 4. Let w(z) = b(z) - 3*l(z). What are the prime factors of w(-2)?
3
Let g = -109 + 163. Suppose -2*v + 0*v + g = 0. What are the prime factors of v?
3
Suppose 10 = a - 2*x, -3*x = -5*a + x + 50. What are the prime factors of a?
2, 5
Let v be (-9)/(-2) - (-21)/(-14). Suppose 0 = -j - v*j. Suppose 5*z - 50 = -0*z + 5*g, j = 4*z + 3*g - 5. What are the prime factors of z?
5
Suppose -13 = -4*x + 5*j, -x + 4 = -4*j - 2. Let i(o) = -5*o - 3*o**x + 4*o**2 + 4*o. What are the prime factors of i(3)?
2, 3
Suppose -25 = -5*z, 3*h + h = 2*z + 2. Suppose 29 = h*f - 5*b, 2*f + 0*f + 4*b - 34 = 0. What are the prime factors of f?
13
Let s = 303 + -186. What are the prime factors of s?
3, 13
Suppose 4*k = 3*f - 35, -10 = 2*f + k + 3*k. Suppose 67 = f*w - 18. Suppose -2*t + 3 = -0*j + j, -w = -3*j - 2*t. List the prime factors of j.
7
Suppose -8 = s + 3. Let q(u) = -u**3 - 11*u**2 - 3*u + 3. List the prime factors of q(s).
2, 3
Let x be (-4)/(-10)*5 - 1. What are the prime factors of 11 + x/(2/4)?
13
Let n be 2/(-8) + (-146)/(-8). Suppose 0 = 5*s - 5*u + 15, 8*s - 4*u + 16 = 3*s. Let i = s + n. List the prime factors of i.
2, 7
Let j = -8 + 15. Suppose j = u - 5*k, 2*u + 3*u = -k - 17. What are the prime factors of u + 19 + (-1)/(-1)?
17
Let h = 1 - -1. Suppose -2*j - 2*w + 12 = -0*j, -4*j + h*w + 36 = 0. List the prime factors of (-8)/(-6)*12/j.
2
Let l(b) = 3*b - 2. Let r be l(2). List the prime factors of (-119)/(-28) + (-1)/r.
2
Let w(u) = -18*u + 7. What are the prime factors of w(-18)?
331
Let c be 34/(-2 - (-3 + -1)). Let p = c + 2. List the prime factors of p.
19
Let m = 0 + 2. Suppose y + y = -m. Let b = 5 + y. List the prime factors of b.
2
Let c(g) = g**2 - 6*g + 8. Suppose -28 = -2*k - 8. Let m = k + -4. What are the prime factors of c(m)?
2
Suppose 0 = d - 4*d - 9. Let g = -1 - d. What are the prime factors of g?
2
Let c = 365 - 81. List the prime factors of c.
2, 71
Let z be 2/((6/(-5))/(-3)). Suppose 3*g + z*l - 63 = 15, -l + 24 = g. List the prime factors of g.
3, 7
Suppose 2*p - h - 5 - 3 = 0, -2*h = 4*p - 8. List the prime factors of p*(-4)/(-6) - 0.
2
Let q = 104 + -68. Let o = q + 5. List the prime factors of o.
41
Let r = 29 - 14. Suppose f - 3*i + 2 = 0, -3*f - 2*i + 1 = -r. Let l = 6 - f. What are the prime factors of l?
2
Suppose -3*h + 88 = h - y, 4*h + 3*y = 104. List the prime factors of h.
23
Let c = -6 - -8. Suppose 0 = h + c, 3*s = 8*s + 4*h - 2. Suppose -s*o = 3*o - 20. List the prime factors of o.
2
Suppose -12*p = -5*p - 2093. What are the prime factors of p?
13, 23
Let q be 1*(3 + -10)*1. Let b(x) = -x**2 - 6*x + 10. Let t be b(q). Suppose 2*i + t*p = 27 + 3, -4*i + 62 = 5*p. What are the prime factors of i?
2, 3
Let u = 13 + -13. What are the prime factors of (u - 0) + 46 - -2?
2, 3
Let z be (-1 + 0 - 0) + 1. Let j(s) = -s + 14. Let n be j(z). Suppose 3*i = -5*o + 19, 4*o = -i + 4 + n. What are the prime factors of o?
5
Let v(g) = 0 - 1 + 5*g + 2. Let a(z) = z**2 + 2*z + 2. Let u be a(-2). What are the prime factors of v(u)?
11
Let y(u) = 3*u**2 + 2*u - 2. Let x be y(-2). Suppose 4*a - 59 = -5*f + x, 0 = f - 5. List the prime factors of a.
2, 5
Suppose 1 = 2*x + 9. Let a be (3/(-5))/((-1)/(-15)). List the prime factors of (2 - x)*(-12)/a.
2
Let j be (6/12)/((-2)/8). Let k = j - 1. List the prime factors of (1/1)/1 - k.
2
What are the prime factors of (-563)/(-2) + -8*(-3)/16?
283
Suppose 5*i = -2*n - 24, 4*i + n + 18 = -n. Let s(w) = w**2 + 7*w + 4. Let j be s(i). Let v(r) = r**2. What are the prime factors of v(j)?
2
Let z = 8 + -5. Let u(b) = -4*b + 34. Let s be u(-5). Suppose z*g = -4*h + g + s, 0 = h + 3*g - 21. List the prime factors of h.
2, 3
Let a = -1 + 23. What are the prime factors of a?
2, 11
Suppose 203 = 6*t - 571. List the prime factors of t.
3, 43
Let r = 0 + 5. Suppose -5 + 22 = -w + r*n, n - 4 = 0. What are the prime factors of w/(-2) + (-69)/(-6)?
2, 5
Suppose 175 = -0*q + 5*q. What are the prime factors of q?
5, 7
Let f(s) = 9*s + 58. List the prime factors of f(9).
139
Let k(v) = -v + 7. Let b(a) = -2*a + 20. Let m(l) = -4*b(l) + 11*k(l). Let h be m(-2). Suppose 4*f = h + 5. What are the prime factors of f?
2
Let z(d) = -d**2 + 8*d + 2. Let k be z(10). Let y = -7 - k. Suppose 0 = h + 2*v - y - 1, 5*h + 3*v = 25. What are the prime factors of h?
2
Suppose 4*c + 120 = 2*x, -2*x + 0*x + c = -111. Suppose 0*p - x = -3*p. What are the prime factors of p?
2, 3
Let p(w) = w**3 - 5*w**2 - 4*w - 4. Let t = 3 + -1. Suppose -2*s - 5*l + 2 = 0, t*l + 16 = -3*s + 5*s. What are the prime factors of p(s)?
2
Suppose 3*y = -3 - 12, -5*q + 30 = 4*y. Let s be q/(-3)*84/(-10). What are the prime factors of (-3)/(-2)*s/6?
7
Let m(v) = v**3 + v**2 - 4*v. Let j be m(-3). List the prime factors of (-3)/j*-2 - -10.
3
Suppose 2*s - 1 = s. Suppose -5*r = 5*o - 105, -5*r - 49 + s = -4*o. List the prime factors of o.
17
Let o be -4*4/8*-2. Suppose -y = o*y - 160. What are the prime factors of y?
2
Suppose 5*x = 2*n + 4, x + 3*x = 2*n + 2. Suppose 3*q + 132 = 4*b, 0 = -0*b + 3*b - n*q - 96. List the prime factors of b.
2, 3
Suppose -2*j - j = -132. Suppose p - 5*p + j = 0. List the prime factors of p.
11
Suppose -3*k + 229 = 2*g + 20, -g - 5*k + 122 = 0. List the prime factors of g.
97
Suppose 0 = -t - 20 + 75. What are the prime factors of t?
5, 11
List the prime factors of 4/(-2)*(-90)/20.
3
Suppose -3*o = -5*q + 40, 0*q = 2*q + 2*o - 32. Let s = q - -3. What are the prime factors of s?
2, 7
Let f(w) = 0 + 2 + 0*w - 2*w. Let i be f(2). List the prime factors of 4 + 4 + i*1.
2, 3
Suppose -36 = 2*q + 3*w, q + 64 = -2*q - 2*w. Let g = -1 - q. Let o = g - 12. List the prime factors of o.
11
Let a(l) = 3*l - 3. Let p be a(2). List the prime factors of (p - 2) + -1 - -2.
2
Let n be (10/4 - 3)*-2. Suppose 5*j = -2*w + n, -j - 9 = -4*w + 4. What are the prime factors of w?
3
Suppose 3*w = -0*w + 6. Suppose 5*a - p = 18, -w*a - 3*a = 4*p - 28. Suppose -a*g + 2*g + 12 = 0. What are the prime factors of g?
2, 3
Let c(a) = -2*a - 6. List the prime factors of c(-15).
2, 3
Let r(v) = v**3 + 4*v**2 + 2*v - 2. Let o be r(-2). Suppose p + 4 = o*p. Suppose 2*w = p*n - 46, 0*w = 3*n - 2*w - 37. List the prime factors of n.
3
Let u(v) = 2*v**2 - 5*v - 12. List the prime factors of u(6).
2, 3, 5
Let p = -8 + 8. Let n = 5 - p. Suppose j + 2*z = -0*z + 11, z + 66 = n*j. What are the prime factors of j?
13
Let a(d) = -d**3 + 11*d**2 + 12*d - 14. List the prime factors of a(11).
2, 59
Suppose -o - 3*y = 2, 